 t(-1)?
44
Let o(z) = -z + 2. Calculate o(5).
-3
Let n(a) = a**3 + 6*a**2 - a - 8. What is n(-6)?
-2
Let t(h) = -h**2 + 6*h + 5. Determine t(5).
10
Let t(h) = -h**3 + 4*h**2 + 4*h - 6. Calculate t(4).
10
Let c(h) = h**3 + h**2 + h + 5. What is c(0)?
5
Let t(j) = -5*j**3 - 2*j**2 - 5*j - 3. Determine t(-1).
5
Let h(p) = 2*p + 142. Give h(-72).
-2
Let q(x) = -x**2 - 12*x + 30. Determine q(-16).
-34
Let k(w) = -7*w + 67. Calculate k(18).
-59
Let w(j) = -2*j**3 + 14*j**2 - 2*j + 7. Determine w(7).
-7
Let f(c) = c**2 + 4*c + 6. Give f(5).
51
Let w(y) = -5*y**2 - 4*y - 3. Give w(-2).
-15
Let f(h) = 4*h - 45. Give f(14).
11
Let p(x) = 9*x**2 + 1. Determine p(-1).
10
Let u(y) = y**3 - 15*y**2 - 16*y - 312. Give u(17).
-6
Let j(g) = g**2 - 16*g + 39. Give j(14).
11
Let b(m) = -m**2 - m. Give b(0).
0
Let k(q) = -q**3 - 9*q**2 - 7*q - 8. What is k(-8)?
-16
Let c(w) = 2*w + 33. Determine c(-21).
-9
Let g(j) = -j**3 + 6*j**2 - 2*j - 12. Give g(4).
12
Let g(o) = 42*o**3 + o**2 - 2. What is g(-1)?
-43
Let c(x) = -8*x - 43. What is c(-4)?
-11
Let u(v) = v**3 - 44*v**2 - 8*v + 358. Determine u(44).
6
Let i(n) = n**3 - 7*n**2 - 2*n + 44. Calculate i(6).
-4
Let q(c) = -2*c**2 - 48*c - 42. Determine q(-23).
4
Let i(n) = -n**3 - 8*n**2 - 15*n - 9. Determine i(-4).
-13
Let l(s) = -2*s**2 + 17*s - 50. Give l(5).
-15
Let g(y) = 6*y - 32. Determine g(5).
-2
Let f(s) = 15*s + 20. Calculate f(-9).
-115
Let j(q) = -q**2 + 2*q + 5. Give j(6).
-19
Let w(o) = -o**3 - 15*o**2 + 6*o + 21. Give w(-15).
-69
Let v(b) = b**3 + 11*b**2 - 3*b + 16. What is v(-11)?
49
Let c(i) = -3*i + 16. Calculate c(4).
4
Let r(b) = 5*b - 28. Determine r(7).
7
Let m(i) = 6*i. Give m(-3).
-18
Let m(s) = 18*s**2. What is m(1)?
18
Let i(x) = -x**2 + 2*x - 2. Calculate i(3).
-5
Let g(u) = u**2 + 13*u - 40. Calculate g(-15).
-10
Let p(k) = k**3 - 5*k**2 + 3*k + 9. Calculate p(4).
5
Let m(k) = -k**2 + 7*k - 9. What is m(8)?
-17
Let d(u) = -u**3 + 8*u**2 - 9*u + 8. Give d(7).
-6
Let s(c) = -c**2 + 2*c - 1. Determine s(0).
-1
Let k(c) = -c**3 - 15*c**2 - 28*c - 7. Determine k(-13).
19
Let o(i) = i**3 + 30*i**2 + 30*i + 23. Give o(-29).
-6
Let r(n) = n**3 + 7*n**2 - 10*n - 12. Give r(-8).
4
Let y(o) = 6*o + 21. Calculate y(-5).
-9
Let s(z) = z**3 - 7*z**2 - z - 1. Determine s(7).
-8
Let j(l) = l - 3. Calculate j(-8).
-11
Let s(c) = -c**3 - 7*c**2 - c - 10. Determine s(-7).
-3
Let s(m) = m**2 + 4*m - 4. Give s(-4).
-4
Let w(h) = h**2 - 6*h + 1. Calculate w(3).
-8
Let u(i) = 4*i**3 + 3*i**2 + 3*i - 1. Determine u(-3).
-91
Let r(w) = -2*w**2 - 26*w + 79. Determine r(-15).
19
Let k(z) = 86*z + 78. Calculate k(-1).
-8
Let r(n) = n**3 + 21*n**2 - 71*n + 23. Give r(-24).
-1
Let u(v) = -v + 12. Determine u(8).
4
Let k(j) = -5*j + 22. Calculate k(4).
2
Let a(m) = -7*m**2 - 5*m - 5. Give a(-2).
-23
Let c(s) = -5*s + 24. Determine c(12).
-36
Let a(i) = -i**2 + 2*i - 17. Calculate a(14).
-185
Let f(j) = -j**3 + 3*j**2 - j - 6. Give f(3).
-9
Let t(m) = m**3 + 28*m**2 + 36*m + 175. Give t(-27).
-68
Let m(b) = -b**3 - 2*b**2 + 5*b + 10. Calculate m(0).
10
Let l(y) = -y**3 - 3*y**2 + 8*y + 24. What is l(-2)?
4
Let j(y) = -y - 9. Calculate j(-12).
3
Let c(g) = -g - 1. Determine c(0).
-1
Let r(p) = 45*p - 3. What is r(-1)?
-48
Let h(v) = 2*v**2 - 28*v - 26. What is h(15)?
4
Let d(b) = 39*b**3 + b**2 + 2*b. Calculate d(-1).
-40
Let m(d) = d**3 - 12*d**2 + 9*d + 6. What is m(11)?
-16
Let a(n) = n**3 + 8*n**2 + 16*n + 14. Give a(-5).
9
Let m(k) = k**3 + 10*k**2 + k + 2. Give m(0).
2
Let d(p) = 2*p - 34. Calculate d(21).
8
Let c(u) = -3*u + 1. Give c(2).
-5
Let i(y) = -y**3 - 26. Determine i(0).
-26
Let u(z) = -z**2 + 4*z - 26. Determine u(0).
-26
Let k(m) = -2*m**3 - 25*m**2 - 11*m - 17. What is k(-12)?
-29
Let r(o) = 2*o**3 - 15*o**2 + 4*o + 15. Determine r(7).
-6
Let j(g) = -2*g**3 - 10*g**2 - g + 5. Calculate j(-5).
10
Let x(g) = -g**2 + 14*g + 99. Calculate x(19).
4
Let u(f) = -f**2 + 16*f - 7. Determine u(14).
21
Let n(x) = -x + 1. Give n(7).
-6
Let j(o) = -o**2 - 21*o - 109. Determine j(-12).
-1
Let i(x) = -3*x**2 + 33*x + 19. Calculate i(11).
19
Let f(z) = 8*z - 11. Give f(1).
-3
Let p(h) = -28*h**3 - h. Calculate p(-1).
29
Let v(b) = b + 26. Calculate v(-17).
9
Let y(g) = -g**3 + 7*g**2 - 7*g - 8. Determine y(6).
-14
Let n(u) = -3*u**2 - 51*u + 3. Give n(-17).
3
Let s(z) = 2*z**2 - 21*z + 37. What is s(6)?
-17
Let y(s) = -8*s - 2. Calculate y(-16).
126
Let s(k) = -8*k**3 + k + 2. Give s(-1).
9
Let m(o) = o**3 + 20*o**2 + 3*o + 14. Give m(-20).
-46
Let v(y) = 12*y - 27. What is v(11)?
105
Let b(f) = f**3 - 8*f**2 - 9*f - 1. Calculate b(9).
-1
Let l(j) = -55*j - 52. Give l(-1).
3
Let o(t) = -142*t + 153. Determine o(1).
11
Let q(z) = -2*z**3 - 30*z**2 + 29*z - 33. Calculate q(-16).
15
Let q(h) = h**2 - 23*h + 9. What is q(23)?
9
Let u(r) = -17*r - 44. Give u(-4).
24
Let l(y) = y**2 + 8*y + 5. Determine l(-8).
5
Let p(q) = -q**2 - 5*q + 8. Determine p(-4).
12
Let t(p) = -p**3 + 16*p**2 + 19*p - 2. Give t(17).
32
Let m(u) = u - 110. Determine m(23).
-87
Let m(l) = 2*l**2 - 9*l - 21. Give m(6).
-3
Let u(x) = 7*x + 2. Determine u(3).
23
Let y(c) = -c**2 + 15*c - 22. Give y(15).
-22
Let o(r) = -30*r - 684. Give o(-23).
6
Let t(y) = -y**3 + 18*y**2 - 2*y + 29. Calculate t(18).
-7
Let v(t) = -t**2 - 37*t - 303. What is v(-13)?
9
Let t(z) = -2*z**3 - 10*z**2 + 4*z + 7. Calculate t(-5).
-13
Let r(g) = -28*g + 54. Give r(2).
-2
Let x(s) = -5*s**3 + s**2 - 1. Determine x(2).
-37
Let x(c) = c**2 + 9*c + 5. Give x(-10).
15
Let q(i) = 9*i**2 - 5*i + 3. What is q(2)?
29
Let f(u) = u**3 - 16*u**2 + 4*u - 9. Calculate f(16).
55
Let u(p) = -7*p**3 + p - 1. Determine u(1).
-7
Let p(s) = -5*s + 19. What is p(5)?
-6
Let u(o) = -o**3 - 4*o**2 + 3*o - 8. Calculate u(-6).
46
Let w(l) = 3*l + 21. Give w(-5).
6
Let q(o) = 14*o - 52. What is q(9)?
74
Let o(j) = -33*j**2 + 2*j + 1. Determine o(1).
-30
Let x(w) = w**2 + 3*w + 7. Calculate x(-10).
77
Let f(c) = 2*c**3 - 10*c**2 + 8*c - 30. What is f(4)?
-30
Let v(f) = -3*f**2 + 31*f + 22. Determine v(11).
0
Let t(c) = c - 8. Give t(7).
-1
Let u(x) = x**3 - 12*x**2 - x. Calculate u(12).
-12
Let u(n) = -2*n**2 + 140*n + 445. Determine u(73).
7
Let l(j) = 11*j + 44. Determine l(-3).
11
Let t(u) = -u**3 - 4*u**2 + 3*u. What is t(-4)?
-12
Let g(u) = -u + 22. What is g(8)?
14
Let b(m) = -m**3 - 2*m**2 + 16*m + 1. Calculate b(4).
-31
Let l(o) = -o**3 + 26*o**2 - 30*o + 130. Give l(25).
5
Let i(g) = -g**2 + 4*g + 15. Give i(7).
-6
Let v(z) = 2*z**3 - z**2 + z - 1. Determine v(2).
13
Let q(v) = v**2 - 19*v - 190. Determine q(26).
-8
Let l(o) = o**3 + 5*o**2 - 15*o - 4. What is l(-7)?
3
Let b(k) = -2*k**2 + 7*k - 4. Determine b(4).
-8
Let v(o) = 2*o**2 + 16*o - 19. Calculate v(-8).
-19
Let n(l) = 5*l**3 - 4*l**2 + 6*l - 3. Determine n(1).
4
Let n(w) = -16*w - 49. Determine n(-3).
-1
Let m(c) = -c**3 + 7*c**2 - 9*c. Calculate m(6).
-18
Let s(r) = -2*r + 2. Calculate s(-2).
6
Let p(w) = w**2 + w - 11. What is p(0)?
-11
Let y(r) = -r**2 + 4*r + 2. Calculate y(3).
5
Let p(g) = -3*g**2 - 41*g + 11. What is p(-14)?
-3
Let i(f) = -f**3 + 6*f**2 - f. Calculate i(5).
20
Let y(o) = 7*o**3 + o**2 + 2*o + 1. Determine y(-1).
-7
Let a(j) = j**2 + 13*j + 8. What is a(-13)?
8
Let c(w) = 13*w - 18. What is c(4)?
34
Let u(d) = -19*d**2 - d + 3. Calculate u(1).
-17
Let g(m) = -4*m**2 + 16*m + 3. What is g(5)?
-17
Let z(f) = -f**2 - 15*f - 25. What is z(-11)?
19
Let d(r) = 3*r - 3. Calculate d(3).
6
Let g(q) = q**2 - 5*q - 12. Determine g(7).
2
Let p(k) = 37*k**2 + 5*k + 1. Calculate p(-1).
33
Let p(u) = -u**2 + 20*u - 54. Calculate p(17).
-3
Let v(d) = -d**3 + 25*d**2 + 29*d - 69. Calculate v(26).
9
Let a(w) = w**3 - 12*w**2 - 14*w - 7. Give a(13).
-20
Let w(x) = x**3 + 9*x**2 + 12*x + 18. Calculate w(-8).
-14
Let w(k) = k**3 - 14*k**2 - 29*k - 49. Calculate w(16).
-1
Let j(h) = -h**3 - 15*h**2 - 15*h - 18. Determine j(-14).
-4
Let z(a) = a**3 - a**2 + 21. Calculate z(0).
21
Let n(i) = i**2 + 8*i + 15. Determine n(-3).
0
Let r(g) = -5*g - 2. Calculate r(-2).
8
Let x(g) = -4*g + 12. Give x(8).
-20
Let t(z) = -z**3 - 21*z**2 - 22*z - 41. Give t(-20).
-1
Let k(h) = 12*h**3 + h**2 - 1. What is k(-1)?
-12
Let a(k) = -5*k - 65. What is a(-14)?
5
Let h(z) = z**3 - 16*z**2 - 34*z - 1. Determine h(18).
35
Let z(g) = -8*g**2 - 10*g 